of -m**3/3 + m**2 + 3*m - 9. Let s(f) be the first derivative of x(f). Determine s(-6).
14
Let h(i) = 2*i + 1. Let b = 1 + -5. Let q be (-6 - -16)*b/10. What is h(q)?
-7
Let l(i) = -i**3 - 7*i**2 + i. Let p be l(-7). Let c(x) = -9*x - 28. Let a(s) = 2*s + 5. Let m(o) = -4*a(o) - c(o). What is m(p)?
1
Let m(t) = t**2 + 7*t + 5. Let i be m(-7). Suppose -8 = i*c - 3. Let l(s) be the first derivative of -3*s**4/2 + s**2/2 + s + 12. Calculate l(c).
6
Let o(b) = -9*b**2 + 3*b**2 + 2 + 3*b + b**2 + 0*b**3 + b**3. Determine o(5).
17
Let q(m) = m**2 + 2*m. Let h(l) = -2*l**2 - 10*l + 2. Let n(r) = h(r) + 3*q(r). Calculate n(5).
7
Let i = 103 + -108. Let a(r) = 4*r - 5. Determine a(i).
-25
Let s(p) be the third derivative of p**6/120 - p**5/4 + 13*p**4/24 + 7*p**3/3 + 17*p**2 - 5*p. Determine s(14).
0
Let m(n) = n**2 - n + 4. Let r be (-8)/((-64)/60)*8/20. Determine m(r).
10
Let z(p) = -p**2 - 7*p + 14. Let a be z(-8). Suppose 2*v = 18 - a. Let r(u) = -u**2 + 6*u - 4. Calculate r(v).
-4
Let w = 40 + -37. Let m(h) = 6*h + w*h + 11 + h**2 - 20*h. Determine m(9).
-7
Let q(h) = -h + 7. Let a = -902 - -916. What is q(a)?
-7
Suppose 6*l - 12*l = 0. Let i be 1/(4/(-16)) - l. Let f(o) = -o**2 - 3*o - 2. What is f(i)?
-6
Let p(q) = -28 + 1034*q - q**2 + 6 - 1051*q. Give p(-15).
8
Let v(t) = -t**2 - 4*t + 1. Let g = -378 - -373. Calculate v(g).
-4
Let q(z) = z**2 - 8*z + 4. Suppose 80 - 128 = -12*y. Give q(y).
-12
Let d = -1 + 1. Suppose -4*t + 3 + 1 = d. Let g(s) = 14*s**2 - 3*s - 4. Let c(p) = 3*p**2 - 2*p - 2. Let i(y) = -2*c(y) + g(y). What is i(t)?
9
Let k = -165 - -164. Let l(c) = -13*c**3 - c**2 - 3*c - 2. What is l(k)?
13
Let f = -830 - -828. Let n(w) = 3*w**2 + 3*w + 5. What is n(f)?
11
Suppose 3*r = 4*l + 5 - 50, -l = -r - 11. Suppose 3*d + l = 6*d. Let i(a) = 0*a**2 + a**2 - 2*a**2 + 3 + 4*a + 2. Determine i(d).
5
Let h(t) = 4*t**3 + 7*t**2 + 4*t + 3. Let g(n) = -5*n**3 - 8*n**2 - 5*n - 3. Suppose 2*l - 5 - 1 = 0. Let v(x) = l*g(x) + 4*h(x). Let b = -6 + 2. What is v(b)?
-1
Let u(a) = -15*a + 87. Let z be u(6). Let v(r) = 2*r**2 + 4*r + 1. Determine v(z).
7
Let a(l) be the second derivative of l**5/20 - l**4/3 + l**3/3 - 2*l**2 + 34*l - 2. Determine a(5).
31
Let f(u) = -u**2 - 11*u + 5. Let t = -2883 - -2871. Give f(t).
-7
Let m = -3 - 2. Let d(o) = -o**2 - 4*o + 7. Let t be d(m). Let j(q) = 14*q**3 - t*q - 1 - q - 4*q + 5*q. Determine j(-1).
-13
Let b(r) = -3*r**2 + 3*r - 1. Suppose 4*w + u - 5*u - 28 = 0, 35 = 5*w - 3*u. Let x(j) = j - 6. Let d be x(w). Let c = d + 1. What is b(c)?
-7
Let d(v) = v**3 + 7*v**2 - 4. Let a = 365 - 372. Calculate d(a).
-4
Let t(s) = -1 - 20 + 1 + 17*s + 15*s**2 - s**3. Determine t(16).
-4
Let u(w) = -2*w + 9. Let x(t) = -4*t + 20. Let f(m) = 7*u(m) - 3*x(m). What is f(4)?
-5
Suppose 2*u - 28 = -0*u + 4*f, 0 = 2*f + 8. Suppose -7 = -b - u. Let m(w) = b + 275*w + 1 - 276*w. Give m(-4).
6
Let s(h) = h**2 - 10*h - 3. Let b be ((-11)/2)/((-27)/54). Determine s(b).
8
Let t(a) be the second derivative of -a**5/20 + a**4/2 - 5*a**3/6 - 7*a**2/2 - 33*a - 3. Calculate t(5).
-7
Let t be 4/6 - (-80)/15. Let v be 9/((-81)/t)*3. Let d(q) = -2 + 0*q**2 + 4*q + 5 + 2*q**2. Give d(v).
3
Let a be -3 - -1 - (-4 - 0). Let x(p) = 5*p + 5. Let i be x(a). Suppose 4*l - l + i = 0. Let h(m) = -m**2 - 5*m - 1. Determine h(l).
-1
Let u(c) = c**2 - 5*c + 10. Let t be u(4). Let y be t/(-21) - 18/(-14). Let h(n) = 3*n**2 - n. What is h(y)?
2
Suppose 2*p = -m - 4*m + 22, -5*p - 44 = -4*m. Let y be (m/(-5))/((-1)/5). Let d(q) = -4*q - 8. Let g(u) = u. Let x(v) = -d(v) - 6*g(v). Give x(y).
-4
Let k(i) = -i + 5. Let f be k(5). Let h(u) = 2*u - u + f*u - 2. Suppose 3*q = -3*n + 6*q - 3, 3*q - 3 = 0. Give h(n).
-2
Let j(i) = -i**3 - i - 2. Let r be -3 + 0 - (-3)/5*5. What is j(r)?
-2
Let z(o) be the first derivative of 5 - 2*o - 1/2*o**2. Let d be z(-5). Let x(w) = w**2 - 3*w - 3. Give x(d).
-3
Let a = -19 - -25. Let q(s) = 1 - 2*s**2 + 0*s**2 + 7*s**2 - 4*s**2 - 4*s. Determine q(a).
13
Let d(i) be the third derivative of i**4/24 + 3*i**3/2 - 2*i**2. Let f(g) = g**3 + 2*g**2 - 6*g + 2. Let p be f(-4). Calculate d(p).
3
Let d(t) be the first derivative of -t**5/60 + 7*t**4/24 - t**3/3 + 8*t**2 + 16. Let q(h) be the second derivative of d(h). Determine q(6).
4
Let b(p) be the third derivative of p**6/30 - p**5/30 - p**4/12 - p**3/3 - 74*p**2. Calculate b(-2).
-38
Let l(a) be the first derivative of -1/10*a**5 + 4 + 1/4*a**4 + 1/2*a**2 - 1/120*a**6 - 1/3*a**3 + 0*a. Let d(h) be the second derivative of l(h). Give d(-7).
5
Let t(y) = y**3 - 2*y - 3*y**2 - 21 + 24 - 2*y. Let z be t(4). Let k(v) = -1 + v + z - 2. Calculate k(6).
6
Let g be (-1)/(-2)*(-23)/(529/276). Let l(s) = s + 1. Let f(d) = -2*d - 4. Let x(j) = -f(j) - 3*l(j). What is x(g)?
7
Suppose 5*p + 10 - 30 = 5*s, 0 = p + 5*s + 26. Let x(b) = -28*b**3 - b**2 - 2*b - 1. What is x(p)?
28
Let h(p) = p**2 + 11*p - 11. Suppose -26*m - 54 = 258. What is h(m)?
1
Suppose 471 = -10*k + 411. Let t(w) = w**3 + 6*w**2 + 5. Determine t(k).
5
Let n(h) = h**2 - 1. Let r(c) = c**2 - 1. Let u = -13 + 15. Let b(j) = u*n(j) - 3*r(j). Let y(z) = -z**3 + 2*z**2 - 2*z + 4. Let l be y(2). Calculate b(l).
1
Let q(f) = -f**3 + 3*f**2 + 10*f - 9. Let r be q(5). Let m(l) = l + 5. What is m(r)?
-4
Let u(q) = -6 + 44*q + 1 - 43*q. Give u(5).
0
Suppose -8*a - 49 = -a. Let m(x) = x**3 + 7*x**2 + x. Calculate m(a).
-7
Let x(u) be the first derivative of u**3 - 9*u**2/2 - 3*u - 60. Determine x(4).
9
Let v be (-1)/5 + 144/45. Suppose d - v = 2*d. Let i(m) = 2*m - 1. What is i(d)?
-7
Let f = -2 - -2. Let l(p) be the second derivative of -4*p + 0 + p**2 - 1/6*p**3. What is l(f)?
2
Let k(c) = 6*c - 33. Let f(w) = -w + 8. Let s(d) = -21*f(d) - 5*k(d). Calculate s(-2).
15
Suppose u = 3 - 6. Let x be (6/(-9))/(u/9). Let s be -3*x - (-2)/1. Let m(r) = r**2 + 5*r + 1. What is m(s)?
-3
Let p(b) = -2*b + b**2 + b**2 + 385 - 771 + 387. What is p(-3)?
25
Let v(t) be the third derivative of -t**6/120 + t**5/15 - t**4/8 - 5*t**2 + 3. Suppose -4*r + 3*r - 8 = -2*q, -q = -2*r - 1. Give v(r).
2
Let h(z) = -z**3 + 3*z**2 + 3*z - 9. Let l be h(3). Let i be -18 + 26 - (4 + l). Let k(a) = -3*a + 3. Give k(i).
-9
Suppose 36 = -11*h - 30. Let w(u) = -2*u**3 - 11*u**2 + 7*u - 4. Calculate w(h).
-10
Let y(v) = -26*v**2 - 8*v + 0*v**3 - v**3 + 17*v**2 + 10 - 4*v**3 + 4*v**3. Determine y(-8).
10
Let f = 42 - 41. Let t = -2 - -2. Let m(n) = -n**2 + t - 4*n - 3 + 8*n - f. Determine m(4).
-4
Let j(w) = -5*w**2 + w + w - w**3 - 3*w - 2*w + 49 - 47. Give j(-3).
-7
Let w be (-3)/(-3 - (-39)/14). Suppose 0 = -8*x + 15*x - w. Let n(i) be the first derivative of -i**4/2 + 2*i**3/3 - 3*i**2/2 + 2*i - 1. Determine n(x).
-12
Let b(s) = 5*s + 88. Let q be b(-17). Let w(h) = -h**3 + 6. Let v(l) = 2*l**3 - l**2 - l - 7. Let a = 2 - 0. Let c(o) = a*v(o) + q*w(o). What is c(3)?
7
Let y(r) be the third derivative of -r**5/60 + r**4/6 + r**3/3 - 36*r**2. Calculate y(6).
-10
Let o(b) = -b + 6*b - 12*b**2 + 5 + b**3 - 14*b**2 + 18*b**2. Let m be o(7). Let f(v) = -v**2 - 10*v - 4. What is f(m)?
5
Let s(d) be the second derivative of -d**5/20 - 7*d**4/12 + 7*d**3/6 - 4*d**2 + 7*d + 4. Calculate s(-8).
0
Let i(a) be the second derivative of -a**3/6 - 18*a. Let h(m) = -7*m + 1. Let l(t) = -h(t) + 2*i(t). Give l(2).
9
Let j(c) = -13*c**2 - 29*c - 11. Let y(s) = -4*s**2 - 10*s - 3. Let l(t) = 2*j(t) - 7*y(t). Determine l(-6).
-1
Let w(u) = -4*u - 1. Suppose 0 = -5*j + 25 + 5. Give w(j).
-25
Let d(p) be the first derivative of -p**2/2 + 8*p + 11. What is d(7)?
1
Let r(i) = -8*i - 1. Let l be r(-1). Let a(o) = -3*o + 1. Let p(z) = -1 - 3*z - 3*z + 6*z + 3*z. Let h(c) = l*a(c) + 6*p(c). Give h(2).
-5
Suppose -7*x - 56 = -15*x. Let n = 9 - x. Let t(h) = -h**3 + h**2 - h. Calculate t(n).
-6
Let z(r) be the third derivative of r**5/6 + 2*r**3/3 - r**2. Suppose -17 = -2*j - 27. Let b(d) = -10*d**2 - 5. Let x(y) = j*b(y) - 6*z(y). Calculate x(-1).
-9
Let h(i) = -8*i**3 + 3*i + 6*i**2 - 186 + 179 + 7*i**3 + 2*i**3. Determine h(-5).
3
Suppose n + 3*n = 12. Let a(m) = -6 + n*m + m + m - 3*m. Determine a(4).
2
Suppose 0 = 4*n - 7 - 9, 2*b - 10 = -n. Let f(s) = s**3 - 2*s**2 + 3. Calculate f(b).
12
Let g be (-945)/(-30) - (-2)/(-4). Let f(v) = -15*v**2 + 3*v - 4 + g*v**2 - v**3 - 11*v**2. Calcul